093. List the prime factors of c.
2, 13, 181
Suppose -21 = -4*t - 3*s, 0 = 3*t - 12*s + 14*s - 15. Suppose -3*v + 575 = -8*g + t*g, 3*v - 4*g = 577. What are the prime factors of v?
3, 5, 13
Let d = 1169 - 807. Let c be (1896/(-20))/(74/185). Let i = d + c. List the prime factors of i.
5
List the prime factors of (12/(-7))/(-4) - (-9 + 987375/(-105)).
9413
Suppose -28*p + 26*p + 2662 = 0. Suppose -5*j = 2*w - 6*w + p, 20 = 4*j. List the prime factors of w.
3, 113
Let y be (-6*(-40)/(-150))/(1/(-5)). What are the prime factors of (-1*26/y)/(1/(-4))?
13
Let y = -3880 + 4146. Suppose -3*x + 156 = -5*x. Let p = x + y. What are the prime factors of p?
2, 47
Let d be -1*12/(2 + -6). Let x be (1 - 35/25) + 12/5. Suppose n - x*g = 206, 77 = -n + d*g + 285. List the prime factors of n.
2, 101
Let n = 4654 - 3131. What are the prime factors of n?
1523
Suppose -3*u = 2*u. Let h(t) = -11 + t - 130*t**2 + 65 + 129*t**2. List the prime factors of h(u).
2, 3
Let r(g) = 2*g**2 - 3*g - 12. Let z be r(-2). Suppose -3*t + 2704 = -4*u, z*t + 0*u + 4*u = 1836. List the prime factors of t.
2, 227
Let k = 26 + -24. Let m be -6*(3 - 7/k). Suppose m*n - 66 = n. What are the prime factors of n?
3, 11
Suppose 7*b = -7*b + 2408. Suppose 5*j = 15, -j - 2*j = v + 88. Let t = b + v. List the prime factors of t.
3, 5
Suppose -2*y + 512 = 3*p - 523, 1015 = 2*y - p. What are the prime factors of -4 + (6 + -3 - y/(-2))?
2, 127
Suppose -5*n - 2*u + 13 = 0, -5*n + 16*u + 25 = 21*u. Let c(m) = 327*m**3 - 2*m**2 - m + 2. What are the prime factors of c(n)?
2, 163
Let m(z) = 6*z**2 - 30*z + 45. Let k(g) = -6*g**2 + 28*g - 45. Let q(r) = -5*k(r) - 4*m(r). List the prime factors of q(12).
3, 223
Suppose -205*v + 217760 = -86*v - 103*v. List the prime factors of v.
2, 5, 1361
Suppose 465396 = 114*u - 180756. List the prime factors of u.
2, 13, 109
Suppose 4*k + a - 7 = 0, 16 = 4*k - 0*a + 4*a. Let y be k*5/(20/(-24)). What are the prime factors of (-4)/y*(4380/(-8))/(-5)?
73
Let a(p) = 39*p + 44. Let r(f) = -79*f - 87. Let c(v) = -9*a(v) - 4*r(v). What are the prime factors of c(-12)?
2, 3, 31
Let s(k) = k**3 + 125*k**2 - 1504*k - 27. List the prime factors of s(-136).
1061
Let q = 750 - 447. Suppose 3 = 3*v, -9 + 16 = 3*o + v. Suppose 3*x + 4*j - q = 0, o*j - 45 = -4*x + 349. What are the prime factors of x?
97
Let y(d) = 3*d. Let l(r) = 27*r + 67. Let a(s) = -l(s) - 5*y(s). List the prime factors of a(-3).
59
Let g(v) = 2 + 61*v - 72*v - 5 - 1 - 9. Suppose -1 = 4*u - 4*n + 3, -n = -3*u - 7. What are the prime factors of g(u)?
2, 5
Let d = -16592 - -25316. List the prime factors of d.
2, 3, 727
Let j = -306 - -159. Let c = 195 - j. List the prime factors of c.
2, 3, 19
Let z be (4/(-72)*4)/((-3)/27). Let x = z + 95. List the prime factors of x.
97
Let t(s) = s - 24. Let x be t(20). What are the prime factors of 490/8 - -3 - 3/x?
5, 13
Let z(h) = 21*h - 31. Let p(m) = -4*m + 6. Let y(t) = -22*p(t) - 4*z(t). Let b be y(2). Suppose b*r - r - 3 = 0, -93 = -2*o - 3*r. List the prime factors of o.
3, 17
List the prime factors of (-711546)/(-132) + (3/(-2))/(-3).
3, 599
Let y(t) = 3*t + 10. Let i be y(-6). List the prime factors of 1/(i/(-14))*1536/6.
2, 7
Let h = 128 + -103. Suppose h*b - 3161 - 2839 = 0. What are the prime factors of b?
2, 3, 5
Let c(x) = -31*x**3 + 2*x**2 + 3*x - 13. What are the prime factors of c(-3)?
7, 17
Let o(j) = 2*j + 7. Let s be o(-5). Let u(p) = p**3 + 119*p**2 - 361*p + 608. Let c be u(-122). What are the prime factors of (s - c)*(-174 + 9)?
3, 5, 11
Let h(d) = 1004*d + 283. List the prime factors of h(7).
3, 2437
Let r be (-6 - (-5 - -11 - 9))*2. Let s(b) = -3*b**3 - b**2 + 16*b + 8. What are the prime factors of s(r)?
2, 131
Let l(j) = 1779*j**3 + 10*j**2 - 16*j + 12. List the prime factors of l(2).
2, 7, 509
Let s(z) = 18*z**2 - 73*z - 570. List the prime factors of s(33).
3, 1847
Suppose 5*d + 3*q - 7777 = 0, d = 3*q + 448 + 1093. What are the prime factors of d?
1553
Let u(m) = -m**3 + 48*m**2 - 11*m - 180. List the prime factors of u(44).
2, 3, 5, 59
Let h(t) = 4*t**2 + 4*t - 5. Let j be (0 - -8)/(2/(-6)*-1). Suppose -12 = -j*f + 27*f. List the prime factors of h(f).
43
Let q(t) = 2*t**2 - 49 + 3*t + 0*t**2 + 5*t - 9*t. List the prime factors of q(13).
2, 3, 23
Suppose -8 - 7 = -3*k. Let n(w) = -4*w**2 + 30 + 6*w**2 + k*w - 2 + 5*w**2. What are the prime factors of n(-5)?
2, 89
Let i = 157 - 153. Suppose -5*j = 2*v - 929, 5*v = i*j + 7*v - 744. What are the prime factors of j?
5, 37
Let a = 8384 - 2978. List the prime factors of a.
2, 3, 17, 53
Let q(n) = -n**3 + n + 6. Let f(b) = -b**3 + 4*b**2 - b + 26. Let c be f(5). What are the prime factors of q(c)?
2, 3, 11
Let b = -46 - -49. Suppose -4*h + 3*h + 15 = 3*f, -9 = -b*f + h. Suppose 3*i = 4*z + 311, 86 = f*i + z - 354. What are the prime factors of i?
109
Let v(n) = -6*n + 2. Suppose 0*t - 3*t = 3*x - 18, -15 = -3*x. Let l be v(t). List the prime factors of (1 + 164)/5 - l.
37
Let q(d) = -d**3 + 9*d**2 + 3*d - 17. Let n be q(9). Suppose n - 18 = -4*c. Suppose a = -2*j + 6, 4*a - c*j - 26 = 3*a. What are the prime factors of a?
2
Let f = -603 + 425. Let u = f + 500. List the prime factors of u.
2, 7, 23
Let l(w) = -w**3 + 11*w**2 - 13*w + 34. Let r be l(10). Suppose -2*k + 2*a = -4*k + 214, 5*a = -r*k + 426. Let d = k - 37. What are the prime factors of d?
2, 3
Let j be 5/2*-2 - (-6 - -1). Suppose j = -5*p + 1150 + 930. List the prime factors of p.
2, 13
Let o(v) = 4*v**2 - 10*v + 11. Let c be o(1). Suppose f + c*b = 684, -2*f = f - 2*b - 2103. List the prime factors of f.
3, 233
Let r(l) = 5*l - 32 + 19 + 13*l - l**2. Let y = -9 - -21. What are the prime factors of r(y)?
59
Let y = -11923 - -17995. What are the prime factors of y?
2, 3, 11, 23
Let u = 285 - 300. List the prime factors of ((-254475)/20)/u + (-3)/(-4).
3, 283
Let x be (2688/(-392))/(((-2)/49)/1). Let q = x - 69. List the prime factors of q.
3, 11
Let l = -5081 + 7659. What are the prime factors of l?
2, 1289
Let d(t) = t - 12. Suppose -50 = -6*b + 34. Let y be d(b). List the prime factors of ((-40)/(-24))/(2*y/324).
3, 5
Suppose 3*w + 221 - 1685 = 0. Let d = 37 + w. List the prime factors of d.
3, 5, 7
Let j(d) = d**2 - d + 10. Let q = -67 + 72. Let l be j(q). Suppose 25*f = l*f - 120. List the prime factors of f.
2, 3
Let l(r) = 58*r**3 - 2*r**2 + 2*r - 1. Let b be l(1). What are the prime factors of b + 0 + (-42 - -42)?
3, 19
Suppose -68365 - 33505 = -13*f - 20594. List the prime factors of f.
2, 3, 521
Suppose s = -9*j - 27 - 8, -16 = -4*s + 3*j. Suppose -5*n = -4*n + 46. What are the prime factors of 2*s*(-2691)/n?
3, 13
Let v = 18 - -1. Let m be (-1)/(26157*(-1)/(-3270) + -8). Suppose -v*h + 9*h + m = 0. List the prime factors of h.
109
Let t(g) = 702*g - 5994. List the prime factors of t(52).
2, 3, 5, 113
Suppose -1246985 + 3336793 = -16*l + 44*l. List the prime factors of l.
2, 47, 397
Let h be (-1)/(-1)*3/1. Suppose 3*p + 156 = u + 611, 4*p = h*u + 600. List the prime factors of p.
3, 17
Let s(b) = 1906*b + 3732. What are the prime factors of s(4)?
2, 17, 167
Let r(d) = -d**3 - 14*d**2 - 13*d - 21. Let u(a) = -a**2 - 5*a - 18. Let x be u(-4). Let c be r(x). Let z = -113 + c. What are the prime factors of z?
2, 3
Suppose 504993 = 5*k + p, -k - 30151 + 131152 = p. List the prime factors of 66/17 - 4 - k/(-153).
2, 3, 5, 11
Suppose 10*r - 7*r - 138 = 0. Let m = r - -319. What are the prime factors of m?
5, 73
Let r(d) = 18*d + 7. Let z(s) = -288*s - 111. Let c(l) = 66*r(l) + 4*z(l). Let a be c(13). Suppose 180 = 6*b - a. List the prime factors of b.
3, 37
Let i(u) = u**2 - 11*u + 31. Let h be i(5). Suppose -n + 2*p = -3*n + 8, n + 12 = 3*p. List the prime factors of (10 + n)*11 + -1 + h.
2, 5, 11
List the prime factors of 90146/22 + 594/(-1089).
17, 241
Suppose -12 = -3*a, 2*w - 10016 = a - 4*a. What are the prime factors of w?
2, 41, 61
Let m = -106 + 105. Let f be 58 + (-8)/(-4) - (2 - m). Suppose -62*h = -f*h - 160. List the prime factors of h.
2
Let v = 72 + 35. Suppose 0 = -7*s - 82 - 114. Let f = v + s. What are the prime factors of f?
79
Suppose 2*w - 4*q + 7 = -11, 4*q = -2*w + 22. What are the prime factors of (-58)/((-120)/(-63) - 1 - w)?
3, 7, 29
Suppose -75 = -4*h + 3*p, -31 = 11*h - 13*h - 5*p. Suppose h*g - 1341 =